vided by 1333?
1328
What is the remainder when 12686 is divided by 126?
86
Calculate the remainder when 11162 is divided by 350.
312
Calculate the remainder when 28397 is divided by 28392.
5
Calculate the remainder when 16302 is divided by 151.
145
Calculate the remainder when 5669 is divided by 2744.
181
Calculate the remainder when 1939277 is divided by 28.
25
Calculate the remainder when 2126 is divided by 483.
194
Calculate the remainder when 67158 is divided by 1015.
168
Calculate the remainder when 18738 is divided by 20.
18
Calculate the remainder when 1270092 is divided by 423361.
9
What is the remainder when 27667 is divided by 1627?
8
What is the remainder when 17931 is divided by 138?
129
Calculate the remainder when 2303 is divided by 17.
8
Calculate the remainder when 9816 is divided by 160.
56
What is the remainder when 6433607 is divided by 2237?
2232
What is the remainder when 4791 is divided by 2259?
273
Calculate the remainder when 4003 is divided by 623.
265
Calculate the remainder when 99942 is divided by 9.
6
Calculate the remainder when 6086 is divided by 2998.
90
What is the remainder when 17972 is divided by 102?
20
Calculate the remainder when 51440 is divided by 3858.
1286
Calculate the remainder when 18659 is divided by 259.
11
Calculate the remainder when 9575 is divided by 637.
20
What is the remainder when 284069 is divided by 25?
19
Calculate the remainder when 4580 is divided by 216.
44
Calculate the remainder when 4040 is divided by 48.
8
What is the remainder when 1381 is divided by 208?
133
What is the remainder when 27983 is divided by 385?
263
What is the remainder when 1133 is divided by 18?
17
What is the remainder when 404117 is divided by 286?
285
What is the remainder when 6650 is divided by 13?
7
What is the remainder when 4586 is divided by 1492?
110
What is the remainder when 55479 is divided by 816?
807
What is the remainder when 2577276 is divided by 1932?
1920
What is the remainder when 1889 is divided by 49?
27
Calculate the remainder when 14525 is divided by 171.
161
What is the remainder when 21122 is divided by 14?
10
What is the remainder when 79454 is divided by 52?
50
What is the remainder when 6313 is divided by 1842?
787
Calculate the remainder when 492 is divided by 108.
60
Calculate the remainder when 19694 is divided by 281.
24
What is the remainder when 25329 is divided by 26?
5
Calculate the remainder when 43430 is divided by 119.
114
What is the remainder when 5830 is divided by 2901?
28
Calculate the remainder when 748 is divided by 244.
16
What is the remainder when 30401 is divided by 10029?
314
Calculate the remainder when 5100 is divided by 455.
95
Calculate the remainder when 45706 is divided by 39.
37
Calculate the remainder when 479 is divided by 27.
20
What is the remainder when 431803 is divided by 90?
73
Calculate the remainder when 19172 is divided by 7.
6
Calculate the remainder when 998 is divided by 42.
32
What is the remainder when 111480 is divided by 37?
36
Calculate the remainder when 284173 is divided by 72.
61
What is the remainder when 306102 is divided by 184?
110
Calculate the remainder when 11516 is divided by 1149.
26
What is the remainder when 517 is divided by 167?
16
What is the remainder when 65318 is divided by 184?
182
Calculate the remainder when 32692 is divided by 32639.
53
Calculate the remainder when 5105 is divided by 329.
170
Calculate the remainder when 22391 is divided by 1598.
19
What is the remainder when 2934 is divided by 107?
45
Calculate the remainder when 1777 is divided by 288.
49
What is the remainder when 129328 is divided by 135?
133
Calculate the remainder when 81854 is divided by 93.
14
What is the remainder when 18072 is divided by 30?
12
What is the remainder when 51102 is divided by 253?
249
What is the remainder when 105444 is divided by 338?
326
Calculate the remainder when 113 is divided by 108.
5
Calculate the remainder when 141783 is divided by 148.
147
What is the remainder when 135478 is divided by 135454?
24
What is the remainder when 109334 is divided by 3770?
4
Calculate the remainder when 9836 is divided by 394.
380
Calculate the remainder when 11198 is divided by 276.
158
Calculate the remainder when 14613 is divided by 41.
17
What is the remainder when 982 is divided by 87?
25
What is the remainder when 2841 is divided by 31?
20
What is the remainder when 2372 is divided by 476?
468
What is the remainder when 9999 is divided by 80?
79
Calculate the remainder when 2283 is divided by 709.
156
Calculate the remainder when 269319 is divided by 52.
11
What is the remainder when 1850 is divided by 578?
116
Calculate the remainder when 174821 is divided by 4856.
5
Calculate the remainder when 446483 is divided by 68.
63
Calculate the remainder when 98 is divided by 88.
10
What is the remainder when 1872 is divided by 39?
0
What is the remainder when 5901 is divided by 6?
3
What is the remainder when 16469 is divided by 784?
5
What is the remainder when 782 is divided by 551?
231
Calculate the remainder when 9500 is divided by 901.
490
Calculate the remainder when 73148 is divided by 144.
140
Calculate the remainder when 2593 is divided by 815.
148
Calculate the remainder when 362248 is divided by 44.
40
What is the remainder when 383354 is divided by 599?
593
What is the remainder when 710039 is divided by 22?
11
What is the remainder when 13649 is divided by 3391?
85
What is the remainder when 24478 is divided by 90?
88
Calculate the remainder when 6646 is divided by 2171.
133
What is the remainder when 82079 is divided by 15?
14
What is the remainder when 32041 is divided by 8009?
5
What is the remainder when 385 is divided by 126?
7
Calculate the remainder when 49719 is divided by 529.
522
What is the remainder when 207512 is divided by 35?
32
Calculate the remainder when 590 is divided by 21.
2
Calculate the remainder when 1960 is divided by 1934.
26
Calculate the remainder when 32431 is divided by 612.
607
Calculate the remainder when 2433 is divided by 582.
105
What is the remainder when 140753 is divided by 22?
19
Calculate the remainder when 2118 is divided by 165.
138
Calculate the remainder when 2982 is divided by 2967.
15
What is the remainder when 2112 is divided by 2?
0
What is the remainder when 10265 is divided by 603?
14
What is the remainder when 3105 is divided by 38?
27
What is the remainder when 61192 is divided by 38?
12
What is the remainder when 19917 is divided by 269?
11
What is the remainder when 819 is divided by 793?
26
Calculate the remainder when 34336 is divided by 369.
19
What is the remainder when 1301 is divided by 156?
53
Calculate the remainder when 1659 is divided by 1508.
151
What is the remainder when 8118 is divided by 313?
293
What is the remainder when 63836 is divided by 197?
8
Calculate the remainder when 15317 is divided by 858.
731
What is the remainder when 60161 is divided by 30010?
141
Calculate the remainder when 4176 is divided by 4117.
59
Calculate the remainder when 25274 is divided by 770.
634
Calculate the remainder when 314820 is divided by 49.
44
Calculate the remainder when 23982 is divided by 2664.
6
Calculate the remainder when 557 is divided by 426.
131
Calculate the remainder when 65965 is divided by 32892.
181
Calculate the remainder when 8970 is divided by 66.
60
What is the remainder when 5067 is divided by 3?
0
What is the remainder when 4435 is divided by 24?
19
What is the remainder when 322116 is divided by 39?
15
Calculate the remainder when 46502 is divided by 658.
442
Calculate the remainder when 698277 is divided by 330.
327
What is the remainder when 877414 is divided by 491?
488
What is the remainder when 612 is divided by 60?
12
Calculate the remainder when 73834 is divided by 520.
514
Calculate the remainder when 107952 is divided by 15419.
19
Calculate the remainder when 71629 is divided by 45.
34
What is the remainder when 180122 is divided by 130?
72
What is the remainder when 901 is divided by 36?
1
Calculate the remainder when 14932 is divided by 62.
52
Calculate the remainder when 11126 is divided by 242.
236
Calculate the remainder when 73250 is divided by 103.
17
What is the remainder when 7973 is divided by 47?
30
Calculate the re